(r). Suppose 1040 = z*y - 0*y. What is the tens digit of y?
0
Let p(k) = 9*k**2 - 35*k - 34. What is the units digit of p(7)?
2
Let l = -93 - -94. Suppose -4*x = r + 10, -x - 2 = r - l. Suppose -137 = -0*h - r*h + 5*i, 3*h - 5*i - 208 = 0. What is the units digit of h?
1
Let k(p) = 694*p**2 + 87*p - 457. What is the ten thousands digit of k(5)?
1
Suppose -364160 = 23*g - 454099 - 676053. What is the units digit of g?
4
Suppose -3*b + o = -8, -b - 3*b - 4*o = 0. Suppose k = b - 5, -2*k + 1884 = 5*j. Let s = -223 + j. What is the hundreds digit of s?
1
Let d be 4 + 69/(-18) + (-698)/12. Let v = -52 - d. Suppose v*x = 803 + 211. What is the hundreds digit of x?
1
Let a(d) = -11409*d + 215. What is the hundreds digit of a(-1)?
6
Suppose r - 4523 - 14149 = -5*t, -r + 5*t = -18682. What is the units digit of r?
7
Let q = 30437 + -12923. What is the ten thousands digit of q?
1
Let g(s) = -360*s + 2887. What is the ten thousands digit of g(-23)?
1
Suppose -2*t - 69*c - 24 = -66*c, -4*c - 2 = t. Let n(o) = -9 + 43 - 3*o - 2*o. What is the tens digit of n(t)?
2
Let k(c) = 69 - 52*c + 11*c - 8 + 60. What is the hundreds digit of k(-11)?
5
Suppose 0 = 5*n + 115*y - 113*y - 31773, y - 19063 = -3*n. What is the units digit of n?
3
Suppose 0*i + l = -4*i + 78, 5*i + 3*l = 94. What is the tens digit of ((-136)/(-10))/(i/600)?
0
Let m(y) = -y**2 + 29*y - 4. Suppose 7*f = f - 144. Let d = 3 - f. What is the tens digit of m(d)?
5
Let s be (76/(-6))/((-40)/(-8640)). What is the units digit of (-4)/26 + s/(-39)?
0
Let t(m) be the first derivative of -2*m**5/15 + 7*m**4/12 + m**3/3 + 23. Let y(c) be the third derivative of t(c). What is the units digit of y(-4)?
8
Let b = -1972 + 6403. What is the tens digit of b?
3
Let k(f) = -f**3 + f**2 + 7*f + 5. Let r = -31 - -23. Let u be k(r). What is the units digit of u/20 + (-2)/8?
6
Let r = 14334 + -3946. What is the thousands digit of r?
0
Let j(a) = 7*a**2 + 3*a + 7938. What is the units digit of j(0)?
8
Suppose 4*u - u - 5*s = 1635, 1089 = 2*u - 3*s. Let v = u + -255. What is the hundreds digit of v?
2
Let h(w) = -w**3 + w. Let c(r) = -5*r + 4*r - 6 + 4*r - 5*r**3. Let i(d) = -c(d) + 6*h(d). What is the units digit of i(0)?
6
Suppose 0 = 4*r + r + 3645. Let y = r - -796. What is the tens digit of y?
6
Suppose 136 + 98 = -6*z. Let y be 2 + 1*z + 1 + -3. What is the hundreds digit of (-927)/(-5) + y/(-65)?
1
Let o(i) = i**2 + 10*i + 1. Let w be o(-15). Suppose -93 - w = -x. Let g = -98 + x. What is the tens digit of g?
7
Suppose -1188 = 24*y - 38076. Suppose 5*b - h + 2*h - 2567 = 0, -3*b = -h - y. What is the tens digit of b?
1
Suppose 2*d - 69 - 171 = 0. Suppose -g - 50 = 31. Let q = g + d. What is the tens digit of q?
3
Let c be 1/10 - (-5 + 133674/(-60)). Suppose c = j + 644. What is the thousands digit of j?
1
Let v(x) = 328*x**3 + 2*x**2 - 17*x - 4. Let z(q) = -164*q**3 - q**2 + 9*q + 2. Let p(h) = -6*v(h) - 11*z(h). What is the tens digit of p(-1)?
6
Let c(y) = y**3 - y - 1. Let m = -32 + 31. Let n(u) = 4*u**3 + 9*u**2 + 13*u - 27. Let h(a) = m*n(a) + 5*c(a). What is the tens digit of h(11)?
6
Let x(a) = 2*a - 9. Let d be x(22). Let q be (-15)/(-4)*3 + d/(-140). What is the tens digit of (q + -15)/((-2)/36)?
7
Suppose -91*y + 470497 = -13259. What is the thousands digit of y?
5
Suppose 4*n + 58 = -n - 4*h, -5*n = -h + 48. Let a(y) = y**3 + 11*y**2 - 3*y + 3. What is the tens digit of a(n)?
3
Let s(r) = -917*r**3 + r**2 - 4*r - 5. Let t be s(-1). Let b(o) = -o**3 + 5*o**2 - 4*o. Let y be b(4). Suppose -h - 6*h + t = y. What is the units digit of h?
1
Suppose 0 = 3*x - h - 1611, -4*x + 2159 = -17*h + 12*h. Let w = x - -177. What is the tens digit of w?
1
Suppose -4*s - v + 16 = -2*s, 45 = 5*s + 5*v. Suppose 7 = -s*o - 140. What is the tens digit of (-8)/56 - 948/o?
4
Suppose -c - 3 = 0, 18*q + 3*c = 22*q - 41629. What is the tens digit of q?
0
Let d be 28*82/(-8)*2. Let s = 1067 + d. What is the tens digit of s?
9
Suppose -n = -j - 5683 + 60449, -3*j - 5*n + 164234 = 0. What is the thousands digit of j?
4
Suppose 4 = 2*y - 26. Let c(w) be the first derivative of -w**4/4 + 14*w**3/3 + 17*w**2/2 + 4*w - 204. What is the units digit of c(y)?
4
Let z(x) = 2*x**3 + 16*x**2 + 7*x + 8. Let k be z(-7). Let n = k + -57. Suppose 192 = 3*m - 0*m - 3*a, -a + 3 = n. What is the tens digit of m?
6
Suppose 0 = 4*d - 32, 62275 + 2719 = c - 3*d. What is the tens digit of c?
1
Let x(q) = 15*q + 153. Let h be x(-10). Suppose -4*k - 2*d = -1984, -h*d - 2*d - 2012 = -4*k. What is the tens digit of k?
9
Suppose -5*i - 8187 = -z, -98*z - 4*i + 41109 = -93*z. What is the thousands digit of z?
8
What is the thousands digit of 2 + -6 - (7/(-7))/(6/122556)?
0
Let l(q) be the second derivative of 21*q**5/4 + q**4/6 - 2*q**3/3 + 3*q**2/2 + 56*q. What is the hundreds digit of l(1)?
1
Let h = 47 - 42. Suppose 5*v = -25, 0 = 7*o - h*o + 3*v + 21. Let i(n) = 16*n**2 + n. What is the units digit of i(o)?
1
Suppose 30999 + 16423 = 4*h - 2*q, 2*q = -h + 11863. What is the thousands digit of h?
1
Let l(f) = 52*f + 7. Let w(p) = -26*p - 4. Let t(x) = 3*l(x) + 5*w(x). Let d(z) = -2*z**2 + 11*z + 393. Let g be d(17). What is the tens digit of t(g)?
5
Suppose 0 = -p - 17 + 13. What is the units digit of p - (-6 + 5 - 5)?
2
Let q = 712 + -710. What is the tens digit of (0 - q - 328)*56/(-21)?
8
Let y = -2475 - -3684. Suppose 0 = 3*m + 5*a - y, -5*m + 7*m + 4*a = 808. What is the hundreds digit of m?
3
Let r = 30286 + 6354. What is the hundreds digit of r?
6
Suppose 3*w - 43*p - 50913 = -44*p, 2*p - 84854 = -5*w. What is the thousands digit of w?
6
Let g(q) = q**2 + 36*q + 246. Let x be g(-9). Suppose 2*l = 2*z + 482, x*l + 4*z = 8*l - 1207. What is the units digit of l?
3
Suppose 5*r + 7 = -3*p, 0*p + 2*r + 2 = -p. Let h = p - -210. What is the tens digit of h?
0
Let f be (5/(75/12))/((-2)/(-5)). Let r(j) = -18*j**3 - 3*j**2 + 6*j - 3. Let b be r(f). Let v = -76 - b. What is the units digit of v?
1
Let i(o) = o**2 - 11*o - 2. Let l be i(9). What is the units digit of (-4635)/l*2 + (-1)/(-2)?
4
Let l(k) be the third derivative of 19*k**4/4 - 11*k**3/6 - 4*k**2 + 5. What is the hundreds digit of l(5)?
5
What is the units digit of ((-13773)/2 + 0)*1780/(-1335)?
2
Let d(x) = 7*x**2 + 195*x + 58. What is the hundreds digit of d(-29)?
2
Let p be (-3)/(-4) - 222/296. Suppose p = 98*v - 90*v - 3776. What is the units digit of v?
2
Suppose 4*q - 5*q = z - 25989, 5*q + 4*z - 129949 = 0. What is the thousands digit of q?
5
Suppose 31*d = 188756 + 1420101 - 316622. What is the hundreds digit of d?
6
Let t be 2 - ((-2 - 221) + -6). Let o = t + -226. What is the units digit of o?
5
What is the units digit of (2 + -5)*(-41610)/18?
5
Let n = 83 - 117. Let b be (-153)/n*(1 + 1). Let x(j) = -j**3 + 11*j**2 + 7*j - 17. What is the hundreds digit of x(b)?
2
Suppose -5*w = -5*r - 0 - 15, 4*r + 2*w + 6 = 0. Let b be (r/(-6))/(96/(-18) - -5). What is the units digit of (228 - b)/(6 - 1 - 4)?
9
What is the hundreds digit of (-55 + -2)*(-8470)/(-17 - -28)?
8
Suppose -9*f - 27*f + 202960 = 50*f. What is the units digit of f?
0
Suppose -2*i = -3*a + 44, -4*a - i = 2*i - 70. Suppose -a*r + 14394 - 4778 = 0. What is the units digit of r?
1
Suppose -2*z + 24 = z + 2*h, 4*z - 46 = 2*h. Let n(r) be the third derivative of r**5/60 - r**4/6 - r**3/3 + r**2. What is the units digit of n(z)?
8
Suppose -32*n - 1075845 = -57*n - 60*n. What is the units digit of n?
7
Suppose 34*n = m + 39*n - 112, 0 = -3*m + 3*n + 300. What is the hundreds digit of ((-1398)/(-4))/(m/272)?
9
Let h = -282 + -55. Let o = h + 878. What is the units digit of o?
1
Suppose -36*z + 99790 + 66413 - 32031 = 0. What is the units digit of z?
7
Let y(d) = 20*d**2 - 233*d - 217. What is the tens digit of y(40)?
6
Suppose 30808 = 2*m + 5*d, 6*m + 32*d - 29*d - 92424 = 0. What is the tens digit of m?
0
Let w = -77 + 85. Suppose w*k = 3*k + 25. Suppose k*d - 15 = 0, 0 = -3*o - o - 5*d + 367. What is the tens digit of o?
8
Suppose 1198709 = -117*u + 6879527. What is the ten thousands digit of u?
4
Let o = 16 - 14. Suppose 4*u + o*u - 54 = 0. Suppose -2*v = -3*p + u - 1, 10 = v + 2*p. What is the units digit of v?
2
Let j be (-5 - -4) + 805 + -3. Let x = j - 321. What is the units digit of x?
0
Suppose r - 1741 = -4*m, 4*r =